[INFO] fetching crate roa-websocket 0.5.0-rc...
[INFO] checking roa-websocket-0.5.0-rc against master#cfbc6d4cf1acbac5c025acf8ed68929caa551df3 for pr-75494-beta
[INFO] extracting crate roa-websocket 0.5.0-rc into /workspace/builds/worker-10/source
[INFO] validating manifest of crates.io crate roa-websocket 0.5.0-rc on toolchain cfbc6d4cf1acbac5c025acf8ed68929caa551df3
[INFO] running `Command { std: "/workspace/cargo-home/bin/cargo" "+cfbc6d4cf1acbac5c025acf8ed68929caa551df3" "read-manifest" "--manifest-path" "Cargo.toml", kill_on_drop: false }`
[INFO] started tweaking crates.io crate roa-websocket 0.5.0-rc
[INFO] finished tweaking crates.io crate roa-websocket 0.5.0-rc
[INFO] tweaked toml for crates.io crate roa-websocket 0.5.0-rc written to /workspace/builds/worker-10/source/Cargo.toml
[INFO] running `Command { std: "/workspace/cargo-home/bin/cargo" "+cfbc6d4cf1acbac5c025acf8ed68929caa551df3" "generate-lockfile" "--manifest-path" "Cargo.toml" "-Zno-index-update", kill_on_drop: false }`
[INFO] running `Command { std: "/workspace/cargo-home/bin/cargo" "+cfbc6d4cf1acbac5c025acf8ed68929caa551df3" "fetch" "--locked" "--manifest-path" "Cargo.toml", kill_on_drop: false }`
[INFO] [stderr]     Blocking waiting for file lock on package cache
[INFO] [stderr]     Blocking waiting for file lock on package cache
[INFO] [stderr]  Downloading crates ...
[INFO] [stderr]   Downloaded roa-core v0.5.0
[INFO] [stderr]   Downloaded roa-router v0.5.0-rc
[INFO] running `Command { std: "docker" "create" "-v" "/var/lib/crater-agent-workspace/builds/worker-10/target:/opt/rustwide/target:rw,Z" "-v" "/var/lib/crater-agent-workspace/builds/worker-10/source:/opt/rustwide/workdir:ro,Z" "-v" "/var/lib/crater-agent-workspace/cargo-home:/opt/rustwide/cargo-home:ro,Z" "-v" "/var/lib/crater-agent-workspace/rustup-home:/opt/rustwide/rustup-home:ro,Z" "-e" "SOURCE_DIR=/opt/rustwide/workdir" "-e" "CARGO_TARGET_DIR=/opt/rustwide/target" "-e" "CARGO_HOME=/opt/rustwide/cargo-home" "-e" "RUSTUP_HOME=/opt/rustwide/rustup-home" "-w" "/opt/rustwide/workdir" "-m" "1610612736" "--user" "0:0" "--network" "none" "rustops/crates-build-env@sha256:a636fd89d022f18117e1dc8fb37a0a009933cdbbe082814857f0e2024962d47c" "/opt/rustwide/cargo-home/bin/cargo" "+cfbc6d4cf1acbac5c025acf8ed68929caa551df3" "metadata" "--no-deps" "--format-version=1", kill_on_drop: false }`
[INFO] [stdout] 94636461f47013888f4f2819c001b6c67fbb59173a87ea241bcbda61a31b556e
[INFO] [stderr] WARNING: Your kernel does not support swap limit capabilities or the cgroup is not mounted. Memory limited without swap.
[INFO] running `Command { std: "docker" "start" "-a" "94636461f47013888f4f2819c001b6c67fbb59173a87ea241bcbda61a31b556e", kill_on_drop: false }`
[INFO] running `Command { std: "docker" "inspect" "94636461f47013888f4f2819c001b6c67fbb59173a87ea241bcbda61a31b556e", kill_on_drop: false }`
[INFO] running `Command { std: "docker" "rm" "-f" "94636461f47013888f4f2819c001b6c67fbb59173a87ea241bcbda61a31b556e", kill_on_drop: false }`
[INFO] [stdout] 94636461f47013888f4f2819c001b6c67fbb59173a87ea241bcbda61a31b556e
[INFO] running `Command { std: "docker" "create" "-v" "/var/lib/crater-agent-workspace/builds/worker-10/target:/opt/rustwide/target:rw,Z" "-v" "/var/lib/crater-agent-workspace/builds/worker-10/source:/opt/rustwide/workdir:ro,Z" "-v" "/var/lib/crater-agent-workspace/cargo-home:/opt/rustwide/cargo-home:ro,Z" "-v" "/var/lib/crater-agent-workspace/rustup-home:/opt/rustwide/rustup-home:ro,Z" "-e" "SOURCE_DIR=/opt/rustwide/workdir" "-e" "CARGO_TARGET_DIR=/opt/rustwide/target" "-e" "CARGO_INCREMENTAL=0" "-e" "RUST_BACKTRACE=full" "-e" "RUSTFLAGS=--cap-lints=forbid" "-e" "CARGO_HOME=/opt/rustwide/cargo-home" "-e" "RUSTUP_HOME=/opt/rustwide/rustup-home" "-w" "/opt/rustwide/workdir" "-m" "1610612736" "--user" "0:0" "--network" "none" "rustops/crates-build-env@sha256:a636fd89d022f18117e1dc8fb37a0a009933cdbbe082814857f0e2024962d47c" "/opt/rustwide/cargo-home/bin/cargo" "+cfbc6d4cf1acbac5c025acf8ed68929caa551df3" "check" "--frozen" "--all" "--all-targets" "--message-format=json", kill_on_drop: false }`
[INFO] [stdout] 805634754b59804b16801a764b3ad69754ba36886f8ee2d3e40224405a1e2b14
[INFO] [stderr] WARNING: Your kernel does not support swap limit capabilities or the cgroup is not mounted. Memory limited without swap.
[INFO] running `Command { std: "docker" "start" "-a" "805634754b59804b16801a764b3ad69754ba36886f8ee2d3e40224405a1e2b14", kill_on_drop: false }`
[INFO] [stderr]    Compiling log v0.4.11
[INFO] [stderr]    Compiling memchr v2.3.3
[INFO] [stderr]     Checking once_cell v1.4.1
[INFO] [stderr]    Compiling lazy_static v1.4.0
[INFO] [stderr]    Compiling proc-macro-nested v0.1.6
[INFO] [stderr]    Compiling proc-macro-hack v0.5.18
[INFO] [stderr]    Compiling typenum v1.12.0
[INFO] [stderr]     Checking cache-padded v1.1.1
[INFO] [stderr]     Checking fastrand v1.3.4
[INFO] [stderr]     Checking waker-fn v1.0.0
[INFO] [stderr]     Checking parking v2.0.0
[INFO] [stderr]    Compiling getrandom v0.1.14
[INFO] [stderr]     Checking byte-tools v0.3.1
[INFO] [stderr]     Checking event-listener v2.4.0
[INFO] [stderr]     Checking async-task v3.0.0
[INFO] [stderr]     Checking ppv-lite86 v0.2.9
[INFO] [stderr]     Checking percent-encoding v2.1.0
[INFO] [stderr]     Checking fake-simd v0.1.2
[INFO] [stderr]     Checking parking v1.0.6
[INFO] [stderr]     Checking atomic-waker v1.0.0
[INFO] [stderr]     Checking opaque-debug v0.2.3
[INFO] [stderr]     Checking base64 v0.11.0
[INFO] [stderr]    Compiling doc-comment v0.3.3
[INFO] [stderr]     Checking utf-8 v0.7.5
[INFO] [stderr]     Checking nibble_vec v0.0.4
[INFO] [stderr]     Checking regex-syntax v0.6.18
[INFO] [stderr]     Checking base64 v0.12.3
[INFO] [stderr]     Checking endian-type v0.1.2
[INFO] [stderr]     Checking tracing-core v0.1.14
[INFO] [stderr]     Checking thread_local v1.0.1
[INFO] [stderr]     Checking futures-channel v0.3.5
[INFO] [stderr]     Checking http v0.2.1
[INFO] [stderr]     Checking input_buffer v0.3.1
[INFO] [stderr]    Compiling hashbrown v0.8.2
[INFO] [stderr]    Compiling indexmap v1.5.1
[INFO] [stderr]     Checking block-padding v0.1.5
[INFO] [stderr]     Checking concurrent-queue v1.2.2
[INFO] [stderr]    Compiling bitflags v1.2.1
[INFO] [stderr]     Checking async-mutex v1.1.5
[INFO] [stderr]     Checking futures-task v0.3.5
[INFO] [stderr]     Checking radix_trie v0.1.6
[INFO] [stderr]     Checking idna v0.2.0
[INFO] [stderr]     Checking polling v0.1.5
[INFO] [stderr]     Checking socket2 v0.3.12
[INFO] [stderr]    Compiling syn v1.0.39
[INFO] [stderr]     Checking multitask v0.2.0
[INFO] [stderr]     Checking async-channel v1.4.0
[INFO] [stderr]     Checking rand_core v0.5.1
[INFO] [stderr]     Checking mio v0.6.22
[INFO] [stderr]     Checking tracing v0.1.19
[INFO] [stderr]     Checking want v0.3.0
[INFO] [stderr]     Checking kv-log-macro v1.0.7
[INFO] [stderr]     Checking futures-lite v0.1.11
[INFO] [stderr]     Checking aho-corasick v0.7.13
[INFO] [stderr]     Checking rand_chacha v0.2.2
[INFO] [stderr]     Checking url v2.1.1
[INFO] [stderr]     Checking rand v0.7.3
[INFO] [stderr]     Checking mio-uds v0.6.8
[INFO] [stderr]     Checking async-io v0.1.11
[INFO] [stderr]     Checking blocking v0.5.2
[INFO] [stderr]     Checking tokio v0.2.22
[INFO] [stderr]     Checking generic-array v0.12.3
[INFO] [stderr]     Checking async-executor v0.1.2
[INFO] [stderr]     Checking block-buffer v0.7.3
[INFO] [stderr]     Checking digest v0.8.1
[INFO] [stderr]     Checking sha-1 v0.8.2
[INFO] [stderr]     Checking regex v1.3.9
[INFO] [stderr]     Checking http-body v0.3.1
[INFO] [stderr]     Checking headers-core v0.2.0
[INFO] [stderr]     Checking tungstenite v0.10.1
[INFO] [stderr]     Checking headers v0.3.2
[INFO] [stderr]     Checking tokio-util v0.3.1
[INFO] [stderr]    Compiling wasm-bindgen-backend v0.2.67
[INFO] [stderr]    Compiling wasm-bindgen-macro-support v0.2.67
[INFO] [stderr]    Compiling pin-project-internal v0.4.23
[INFO] [stderr]    Compiling futures-macro v0.3.5
[INFO] [stderr]    Compiling async-trait v0.1.38
[INFO] [stderr]    Compiling wasm-bindgen-macro v0.2.67
[INFO] [stderr]     Checking wasm-bindgen v0.2.67
[INFO] [stderr]     Checking pin-project v0.4.23
[INFO] [stderr]     Checking futures-util v0.3.5
[INFO] [stderr]     Checking js-sys v0.3.44
[INFO] [stderr]     Checking web-sys v0.3.44
[INFO] [stderr]     Checking futures-executor v0.3.5
[INFO] [stderr]     Checking h2 v0.2.6
[INFO] [stderr]     Checking futures v0.3.5
[INFO] [stderr]     Checking tokio-tungstenite v0.10.1
[INFO] [stderr]     Checking gloo-timers v0.2.1
[INFO] [stderr]     Checking futures-timer v3.0.2
[INFO] [stderr]     Checking async-std v1.6.3
[INFO] [stderr]     Checking hyper v0.13.7
[INFO] [stderr]     Checking roa-core v0.5.0
[INFO] [stderr]     Checking roa-router v0.5.0-rc
[INFO] [stderr]     Checking roa-websocket v0.5.0-rc (/opt/rustwide/workdir)
[INFO] [stdout] error[E0432]: unresolved import `roa_core::Error`
[INFO] [stdout]   --> /opt/rustwide/cargo-home/registry/src/github.com-1ecc6299db9ec823/roa-router-0.5.0-rc/src/lib.rs:69:64
[INFO] [stdout]    |
[INFO] [stdout] 69 |     async_trait, throw, Boxed, Context, Endpoint, EndpointExt, Error, Middleware,
[INFO] [stdout]    |                                                                ^^^^^ no `Error` in the root
[INFO] [stdout] 
[INFO] [stdout] 
[INFO] [stdout] error[E0432]: unresolved import `roa_core::Error`
[INFO] [stdout]   --> src/lib.rs:32:55
[INFO] [stdout]    |
[INFO] [stdout] 32 | use roa_core::{async_trait, throw, Context, Endpoint, Error, State};
[INFO] [stdout]    |                                                       ^^^^^ no `Error` in the root
[INFO] [stdout] 
[INFO] [stdout] 
[INFO] [stdout] error[E0277]: the size for values of type `str` cannot be known at compilation time
[INFO] [stdout]    --> /opt/rustwide/cargo-home/registry/src/github.com-1ecc6299db9ec823/roa-router-0.5.0-rc/src/lib.rs:273:30
[INFO] [stdout]     |
[INFO] [stdout] 273 |               standardize_path(&percent_decode_str(uri.path()).decode_utf8().map_err(
[INFO] [stdout]     |  ______________________________^
[INFO] [stdout] 274 | |                 |err| {
[INFO] [stdout] 275 | |                     Error::new(
[INFO] [stdout] 276 | |                         StatusCode::BAD_REQUEST,
[INFO] [stdout] ...   |
[INFO] [stdout] 284 | |                 },
[INFO] [stdout] 285 | |             )?);
[INFO] [stdout]     | |______________^ doesn't have a size known at compile-time
[INFO] [stdout]     |
[INFO] [stdout]     = help: the trait `std::marker::Sized` is not implemented for `str`
[INFO] [stdout]     = note: to learn more, visit <https://doc.rust-lang.org/book/ch19-04-advanced-types.html#dynamically-sized-types-and-the-sized-trait>
[INFO] [stdout]     = note: all local variables must have a statically known size
[INFO] [stdout]     = help: unsized locals are gated as an unstable feature
[INFO] [stdout] 
[INFO] [stdout] 
[INFO] [stdout] error: aborting due to previous error
[INFO] [stdout] 
[INFO] [stdout] 
[INFO] [stdout] For more information about this error, try `rustc --explain E0432`.
[INFO] [stdout] 
[INFO] [stdout] error: aborting due to 2 previous errors
[INFO] [stdout] 
[INFO] [stdout] 
[INFO] [stdout] Some errors have detailed explanations: E0277, E0432.
[INFO] [stdout] 
[INFO] [stdout] For more information about an error, try `rustc --explain E0277`.
[INFO] [stdout] 
[INFO] [stderr] error: could not compile `roa-websocket`.
[INFO] [stderr] 
[INFO] [stderr] To learn more, run the command again with --verbose.
[INFO] [stderr] warning: build failed, waiting for other jobs to finish...
[INFO] [stderr] error: build failed
[INFO] running `Command { std: "docker" "inspect" "805634754b59804b16801a764b3ad69754ba36886f8ee2d3e40224405a1e2b14", kill_on_drop: false }`
[INFO] running `Command { std: "docker" "rm" "-f" "805634754b59804b16801a764b3ad69754ba36886f8ee2d3e40224405a1e2b14", kill_on_drop: false }`
[INFO] [stdout] 805634754b59804b16801a764b3ad69754ba36886f8ee2d3e40224405a1e2b14
